
Let p = -6 + 12. Let j = -1 + 15. Suppose 3*v - 4*w - 56 = j, 5*v = -w + 86. Calculate the greatest common divisor of v and p.
6
Let l(z) = z**3 + 6*z**2 - 4*z - 5. Let w be l(-5). Suppose 0 = r - 2*r + w. What is the greatest common divisor of r and 10?
10
Suppose 0*p - 132 = -4*p. Calculate the greatest common divisor of p and 33.
33
Let w be (2/(-6))/((-16)/528). Calculate the greatest common divisor of w and 77.
11
Let t(a) = -6*a - 8. Let n be t(-6). Let w = -23 - -36. Suppose m + 3*r = w, -31 = -5*m - 5*r + 4. What is the greatest common divisor of n and m?
4
Let x be (6/(-4))/(36/(-24)). Calculate the highest common factor of 8 and x.
1
Let g = 10 + -15. Let k be 968/40 - (-1)/g. What is the greatest common factor of 24 and k?
24
Let m = 12 - -3. Suppose -2*l + 7*l = 600. Calculate the highest common divisor of l and m.
15
Suppose -4*a + 7 = -13. What is the highest common factor of a and 2?
1
Let l = 3 + -2. Let b = 3 - l. Let u = -86 + 94. Calculate the highest common factor of b and u.
2
Let z be (-29950)/(-375) + 4/30. Let f(t) = 2*t - 4. Let o be f(7). What is the highest common divisor of z and o?
10
Suppose 2*a = 4 + 4, u - 3 = -2*a. Let q = u - -19. Calculate the greatest common factor of 35 and q.
7
Let f be (-7 + 5)*(-46)/2. What is the highest common divisor of f and 23?
23
Let k be -5 + 0 + 9 - -9. What is the highest common factor of k and 104?
13
Let y be 9 + -8 - (-29 - 0). What is the highest common divisor of y and 12?
6
Let n(g) = -112*g**3 + g**2 - 1. Let j be n(-1). Calculate the greatest common factor of 14 and j.
14
Suppose -3*z - 2*p + 80 = 0, -5 = 2*z - 3*z - 5*p. Calculate the greatest common factor of z and 10.
10
Let a = -15 + 17. Calculate the highest common divisor of a and 6.
2
Suppose -4*d + 18 = 2*z, 3*z - 9 - 18 = 2*d. What is the highest common factor of z and 6?
3
Let n be (-11)/((-165)/(-126))*(-105)/6. What is the highest common factor of 49 and n?
49
Suppose -6*j = -4*a - 2*j + 12, -8 = -5*a - 2*j. Suppose 3*s = -a*l + 73, 0 = 3*l - 4*s - s - 119. Calculate the greatest common factor of l and 57.
19
Suppose 5*x + 2*l = 237, -2*l - 234 = -5*x - l. Calculate the highest common divisor of 376 and x.
47
Let g = 241 - 161. Calculate the highest common divisor of g and 32.
16
Let k = -32 + 43. What is the highest common divisor of k and 44?
11
Suppose -4*u - u + 65 = 0. Let m(c) = -c**2 + 6*c - 6. Let a be m(4). Suppose 185 = a*l - q, 4*q + 12 = -0. Calculate the greatest common divisor of u and l.
13
Let c(j) = j**2 + 6*j + 5. Let r be c(-6). Suppose -31 = -k - 4*o, -2*k = -k + r*o - 35. What is the highest common factor of k and 135?
15
Let r = -4 - -2. Let s be (9/r)/((-4)/40). Suppose -2*c = -4*z + 250, 5*z = 4*z - 3*c + s. What is the greatest common factor of 15 and z?
15
Suppose 2*u = 281 + 69. Calculate the highest common divisor of u and 70.
35
Let j be (-2)/(-2) + 3 + 46. Suppose 0 = -3*n - 2*z + 217, -2*n + 134 = -0*z + 4*z. Calculate the greatest common divisor of j and n.
25
Let f(w) = 5*w**2 - 7*w + 12. Let s be f(2). Calculate the greatest common factor of 3 and s.
3
Let b(r) = r - 10. Let a be b(-3). Suppose -v = -0*v - 9. Let t = v - a. Calculate the highest common divisor of 33 and t.
11
Let m = 2 - 1. Let f be -3 + 54/m - 3. Calculate the greatest common divisor of 6 and f.
6
Suppose -2*p - 3*p + 85 = 5*l, 2*l - 16 = 4*p. Let b be 2/(-7) - (-60)/l. What is the highest common divisor of 4 and b?
4
Let b be (-4)/14 + 23/7. Suppose -152 = -4*v + 3*j, 3*v - 2*j - 125 = b*j. Suppose 2*d = 7*d - 70. What is the highest common factor of d and v?
7
Let f be 3*-1*(-5 - -6). Let r be 68/(-12)*f + -1. Calculate the highest common divisor of r and 48.
16
Suppose -8*q + 12*q - 76 = 0. What is the highest common factor of 209 and q?
19
Suppose 3*a + 3 = 9. Suppose -12 = -2*j - a*j. Calculate the highest common divisor of j and 3.
3
Let n = 0 + 18. Let a be -8*3/(n/(-15)). Calculate the highest common factor of a and 180.
20
Suppose -5*x + 13*x - 120 = 0. Calculate the greatest common divisor of 105 and x.
15
Let r(s) = 3*s**2 - 9*s + 5. Let x be r(-5). Calculate the greatest common factor of x and 25.
25
Let r = 7 - 3. What is the greatest common divisor of 4 and r?
4
Let q be (-1380)/(-45) + 2/(-3). Calculate the greatest common divisor of q and 10.
10
Let l = 177 + -105. Calculate the greatest common factor of l and 18.
18
Suppose 0*g = -3*g + 105. Calculate the greatest common factor of g and 315.
35
Let z be 2 + 81 + (-4 - -2). What is the highest common divisor of 9 and z?
9
Suppose 0 = 2*m + c + 3*c - 420, -3*m + 3*c = -657. Suppose -209 = -7*k - 20. What is the highest common divisor of m and k?
27
Suppose 2*n + 0*x - 20 = -2*x, 0 = 2*n - x - 23. Calculate the highest common divisor of 88 and n.
11
Let j(w) = w**3 + w**2 + 5*w + 4. Let z be j(-3). Let l = 42 + z. What is the greatest common factor of l and 91?
13
Let z = 26 - 17. Let u be 1*(-108)/(16/(-4)). Calculate the highest common factor of z and u.
9
Let t(a) = -a + 16. Let b be t(0). Let j be (-1430)/(-45) + 2/9. Calculate the greatest common divisor of j and b.
16
Suppose 6*u - 8*u = -378. What is the greatest common factor of 21 and u?
21
Let d(q) = -q**3 - 4*q**2 + 2*q - 4. Let y be d(-5). Calculate the greatest common divisor of y and 1.
1
Suppose w - 96 = -2*w + 5*r, -r + 151 = 4*w. What is the greatest common divisor of w and 333?
37
Let k = 23 + -4. What is the highest common factor of k and 19?
19
Let i = -4 + 4. Suppose 5*w - 80 = 5*r, i = -2*w + 3*r + 19 + 14. Calculate the greatest common divisor of w and 3.
3
Let v(z) = 3*z**2. Let o be v(-1). Suppose 78 = -o*q + q. Let h = q + 81. What is the highest common divisor of 105 and h?
21
Suppose 8*d + 36 = 11*d. Calculate the greatest common factor of 96 and d.
12
Let q be (-7)/((-49)/20)*21/6. What is the greatest common divisor of q and 20?
10
Suppose 3*m - c + 0*c + 4 = 0, 4*m - 2*c = -8. Suppose -176 = -m*v - v. What is the greatest common divisor of v and 22?
22
Suppose -2*f = -0*f + 8, -5*p + 4*f + 6 = 0. Let d be 2*(p - (-26)/4). Let y be (-1)/(-3) + 33/d. What is the highest common divisor of 6 and y?
2
Let i = -11 - -15. Suppose -u + 22 = -3*f, u - 4*u + f + 50 = 0. What is the greatest common factor of i and u?
4
Suppose x - 115 + 35 = 0. What is the highest common divisor of 32 and x?
16
Let f be (-64)/6 + 6/9. Let d(p) = p**2 + 8*p + 8. Let o be d(f). Let h = 3 - -11. What is the greatest common divisor of o and h?
14
Let a = -6 - -11. Let r = a + -2. Let t be (-9 - r)*(-40)/6. What is the greatest common divisor of t and 16?
16
Suppose 5*m = -5*y + 1175, 5*m + 27 = y + 1184. Let n(u) = 15*u - 1. Let g be n(2). Calculate the highest common factor of g and m.
29
Suppose 4*v = 2*v + 6. Let t be 3/(0 + (-2)/(-16)). What is the greatest common factor of v and t?
3
Let f(k) = 4*k + 11. Let v be f(6). Let d = -24 + v. Calculate the highest common factor of d and 11.
11
Suppose -4*a + 150 = a. Calculate the highest common factor of 15 and a.
15
Suppose -4*o - 14 + 54 = 0. Let i be 1 - (-1 + (0 - 0)). Suppose -i*b - b + 120 = 0. What is the greatest common factor of b and o?
10
Suppose -2*j - 8 = -0*j, j + 27 = -x. Let h = x - -38. What is the highest common divisor of h and 15?
15
Let w(a) = a**3 - 5*a**2 - 1. Let l be w(6). What is the greatest common divisor of 35 and l?
35
Let u = 33 + -1. Calculate the highest common factor of 16 and u.
16
Let y = -25 + 27. Calculate the greatest common factor of y and 1.
1
Suppose -3*k + 90 = 2*j, -71 = -2*j - k + 19. What is the highest common factor of j and 5?
5
Suppose 0 = 7*x - 3*x + t - 963, 5*x = -3*t + 1195. Suppose s - x = 3*s. Let k = -70 - s. What is the greatest common divisor of 17 and k?
17
Suppose 0 = -3*s + 698 + 1459. Suppose -3*d - 2*x - s = -6*d, 2*d - 506 = -4*x. Calculate the highest common factor of 27 and d.
27
Suppose -4*l = -27 + 19. What is the highest common factor of 11 and l?
1
Let t(y) = y**2 + 6*y - 1. Let m(i) = i**2 - 6*i - 4. Let d be m(3). Let o be t(d). Calculate the greatest common factor of 10 and o.
10
Let t = 117 + -77. Calculate the highest common factor of 5 and t.
5
Let k(w) = w**3 + 3*w**2 - 4*w + 8. Let b be k(6). What is the greatest common factor of 28 and b?
28
Let d be ((-10)/(-2))